visor of 15120 and 9045.
135
Calculate the highest common factor of 343820 and 40.
20
Calculate the highest common factor of 658 and 116137.
329
What is the greatest common factor of 1740 and 48372?
348
Calculate the highest common divisor of 1890 and 245.
35
Calculate the highest common divisor of 1276 and 7304.
44
Calculate the highest common divisor of 384 and 1644.
12
What is the highest common divisor of 13398 and 120988?
406
What is the highest common factor of 38 and 2056?
2
What is the highest common factor of 117990 and 912?
114
What is the greatest common factor of 2695 and 455?
35
Calculate the greatest common divisor of 453250 and 500.
250
Calculate the greatest common factor of 112 and 15540.
28
What is the highest common factor of 760 and 58920?
40
Calculate the highest common factor of 11882 and 1274.
26
Calculate the highest common divisor of 88748 and 66.
22
Calculate the greatest common factor of 1152 and 1881.
9
Calculate the greatest common factor of 363771 and 2495.
499
What is the greatest common divisor of 114 and 120669?
57
What is the highest common factor of 1233 and 959?
137
Calculate the highest common factor of 1444 and 135356.
76
What is the greatest common factor of 52 and 57278?
26
Calculate the highest common divisor of 55 and 55275.
55
What is the greatest common factor of 1944 and 7552?
8
What is the greatest common factor of 560729 and 13?
13
What is the highest common divisor of 28089 and 54?
9
Calculate the highest common divisor of 2445 and 80.
5
Calculate the highest common factor of 316 and 120870.
158
Calculate the highest common divisor of 44 and 3204.
4
What is the highest common divisor of 47 and 652783?
47
Calculate the highest common divisor of 5832 and 895536.
648
Calculate the greatest common divisor of 152 and 2541136.
152
Calculate the highest common divisor of 6739 and 15985.
23
Calculate the greatest common factor of 172 and 96664.
172
What is the highest common factor of 324 and 258444?
108
Calculate the greatest common divisor of 259 and 355348.
259
Calculate the greatest common divisor of 139716 and 252.
36
What is the highest common divisor of 27324 and 243?
27
What is the greatest common divisor of 332 and 43492?
332
Calculate the greatest common factor of 3203002 and 22.
22
Calculate the greatest common factor of 1374 and 2695330.
458
Calculate the greatest common factor of 20 and 109690.
10
What is the highest common factor of 1206 and 2101656?
402
Calculate the greatest common divisor of 294 and 65688.
42
What is the greatest common divisor of 70 and 4606840?
70
Calculate the highest common factor of 285 and 165570.
15
What is the highest common divisor of 65205 and 1575?
315
What is the highest common factor of 23245 and 20?
5
What is the highest common factor of 9546 and 62826?
222
What is the highest common factor of 32 and 944?
16
Calculate the highest common divisor of 164 and 124681.
41
Calculate the highest common factor of 28750 and 184.
46
What is the highest common factor of 9185 and 592015?
835
Calculate the highest common factor of 55675 and 17.
17
What is the highest common divisor of 1020 and 111588?
204
Calculate the greatest common factor of 6209 and 7.
7
What is the greatest common factor of 16 and 2112808?
8
What is the highest common factor of 32 and 189320?
8
Calculate the greatest common divisor of 402 and 46498.
134
Calculate the highest common factor of 488220 and 11124.
1236
Calculate the greatest common factor of 16016 and 32648.
616
What is the highest common factor of 136203 and 415?
83
Calculate the greatest common factor of 3424 and 175052.
428
What is the highest common factor of 4 and 28916?
4
What is the greatest common factor of 76531 and 26?
13
Calculate the greatest common divisor of 57 and 309.
3
What is the greatest common divisor of 363 and 239943?
363
Calculate the greatest common divisor of 82368 and 2912.
416
Calculate the highest common divisor of 2900 and 29.
29
Calculate the highest common divisor of 147 and 49931.
49
Calculate the highest common factor of 10387 and 13.
13
Calculate the highest common divisor of 77904 and 112.
16
What is the greatest common factor of 4 and 40396?
4
Calculate the highest common factor of 17 and 1369299.
17
Calculate the highest common divisor of 544 and 83744.
32
What is the highest common factor of 147 and 8575?
49
What is the greatest common factor of 52 and 48022?
26
What is the greatest common factor of 6556 and 6226?
22
Calculate the highest common divisor of 224287 and 427.
7
Calculate the highest common divisor of 1380 and 33080.
20
Calculate the greatest common factor of 4212 and 12974.
26
Calculate the greatest common factor of 253952 and 31.
31
Calculate the greatest common factor of 253 and 170614.
23
What is the highest common divisor of 1375 and 23825?
25
What is the highest common divisor of 17946 and 447653?
997
What is the greatest common divisor of 2178 and 3157?
11
What is the highest common factor of 4926 and 4?
2
What is the greatest common divisor of 21 and 743862?
21
What is the greatest common divisor of 13520 and 2236?
52
Calculate the greatest common factor of 18 and 138438.
18
Calculate the highest common factor of 29952 and 5952.
192
What is the highest common factor of 16885 and 165?
55
Calculate the highest common factor of 476011 and 1857.
619
What is the greatest common factor of 28254 and 986?
34
Calculate the highest common divisor of 1024863 and 2849.
259
Calculate the highest common divisor of 672 and 1047144.
168
What is the highest common factor of 1279584 and 480?
96
Calculate the greatest common divisor of 669 and 9589.
223
What is the highest common factor of 72 and 1615212?
36
What is the highest common divisor of 392 and 245147?
49
Calculate the greatest common divisor of 155718 and 82.
82
Calculate the greatest common factor of 213 and 2250771.
213
What is the highest common divisor of 29061 and 9?
9
What is the greatest common factor of 645 and 699180?
645
Calculate the greatest common factor of 1017 and 1294641.
1017
Calculate the highest common factor of 125 and 1525.
25
Calculate the highest common divisor of 110876 and 21836.
212
Calculate the highest common factor of 56886 and 171.
57
Calculate the highest common divisor of 33925 and 170.
5
Calculate the greatest common factor of 16827 and 395.
79
Calculate the highest common divisor of 130 and 1192460.
10
Calculate the greatest common divisor of 50 and 379270.
10
Calculate the highest common factor of 2260496 and 56.
56
Calculate the greatest common divisor of 58349 and 71003.
703
What is the greatest common divisor of 154496 and 68?
68
Calculate the highest common divisor of 76 and 290833.
19
Calculate the greatest common divisor of 74 and 663262.
74
What is the greatest common divisor of 114745 and 2809?
53
What is the greatest common factor of 836 and 7128?
44
Calculate the greatest common divisor of 431628 and 12.
12
What is the highest common divisor of 1722650 and 50?
50
Calculate the greatest common divisor of 47244 and 16256.
508
Calculate the greatest common divisor of 50 and 6474550.
50
Calculate the greatest common divisor of 354 and 103191.
177
What is the highest common factor of 1421 and 17248?
49
Calculate the greatest common factor of 18309 and 4641.
51
Calculate the greatest common divisor of 270292 and 132.
44
What is the highest common divisor of 21 and 53931?
3
Calculate the greatest common factor of 375800 and 140.
20
What is the greatest common factor of 1448336 and 4?
4
What is the highest common factor of 11188 and 28?
4
What is the highest common factor of 671 and 11285?
61
Calculate the highest common factor of 40 and 432100.
20
Calculate the greatest common divisor of 1767193 and 229.
229
What is the highest common divisor of 13 and 84513?
13
Calculate the highest common factor of 186905 and 5.
5
What is the greatest common divisor of 104 and 388232?
104
What is the greatest common divisor of 1463686 and 42?
14
Calculate the highest common factor of 5567 and 1007.
19
What is the highest common factor of 1312 and 108158?
82
What is the greatest common factor of 321554 and 172?
86
What is the highest common divisor of 12492 and 46872?
36
What is the highest common factor of 23872